 + 2. Let r be 1*(3 - b) + 0. Give p(r).
-4
Let r(l) = -2*l**2 + 16*l - 10. Let o be r(7). Let t be (16/(-6))/(14/(-3) + o). Suppose -t*i = -6 + 26. Let x(a) = a**2 + 4*a - 4. What is x(i)?
1
Let f(q) be the first derivative of q**4/4 - 5*q**3/3 + q**2 + 5*q + 25. Suppose 201 = 46*h + 17. Calculate f(h).
-3
Let s(h) = -2*h**2 - 157*h - 2. Let m(b) = -b**2 - 215*b - 1. Let l(x) = -2*m(x) + 3*s(x). Calculate l(-10).
6
Let g(r) = 5*r**3 + 65*r**2 + 177*r + 14. Let n(o) = o**3 + 13*o**2 + 35*o + 3. Let h(z) = 2*g(z) - 11*n(z). What is h(-10)?
5
Let o(a) = -23*a**2 + 6 + 58*a**2 - 5 - a - 17*a**2. Suppose 4*r - j = 8, 3*j - 4 = -4*r - 12. Calculate o(r).
18
Let i(n) = 12*n**3 - 31*n**2 - 5*n + 134. Let l(a) = 5*a**3 - 17*a**2 - 2*a + 66. Let v(c) = 3*i(c) - 7*l(c). What is v(-26)?
-34
Let w(h) = -h**3 - 13*h**2 - 19*h - 7. Let t = 23387 + -23398. Calculate w(t).
-40
Let d be 56/14*(-2)/(-4). Let n be -3*(-11)/d*16/(-24). Let i(g) = -g**2 - 9*g + 14. Determine i(n).
-8
Suppose 5*b - 18*d + 14*d = -5, 2*b + d - 11 = 0. Let k(x) = -x**3 - x**2 + 8*x + 6. What is k(b)?
-6
Let y be (-5)/35 + 689/(-1092) - (-18)/21. Let x(u) be the second derivative of 0 - 3/2*u**3 + y*u**4 + 22*u + 9/2*u**2. What is x(8)?
1
Let l(h) = -h**3 + 8*h**2 - 11*h - 4. Let b be l(4). Let i(g) = -23*g**2 + 15*g + 21*g**2 + 6*g**3 - g**3 - b*g. Let w = 12 + -13. Determine i(w).
-6
Let x(d) be the second derivative of -d**4/6 + 19*d**3/2 - 12*d**2 - 2836*d. Determine x(28).
4
Let n(y) = -9*y**3 - 10*y**2 - 24*y + 27. Let a(u) = 2*u**3 + 2*u. Let z(c) = -5*a(c) - n(c). What is z(11)?
6
Let j(o) = 8*o**2 + 41*o + 74. Let g(f) = 3*f**2 + 14*f + 26. Let m(z) = -11*g(z) + 4*j(z). Give m(8).
26
Let n(w) = -w + 15. Let b = -49 - -46. Let d(s) = -s**2 - 3*s. Let q(t) = -4*t**2 - 12*t. Let p(f) = -22*d(f) + 6*q(f). Let o be p(b). Give n(o).
15
Let d(w) = w**2 + 7*w. Suppose 17*l = -8*l + 825. Let j be (-2)/(-11) - (171/l + 2). What is d(j)?
0
Let o(c) be the third derivative of c**5/20 + c**4/8 + c**3/6 - 3*c**2. Let f = 443 - 445. Determine o(f).
7
Let v(f) = -414*f + 2*f**2 - 11*f**2 + 427*f + 0*f**2 - 14. Determine v(1).
-10
Let m(b) = 5*b + 21. Let i(r) = -2*r**2 - 84*r + 1576. Let d be i(14). What is m(d)?
61
Let d be 39/(-104) - (-34)/80. Let z(v) be the second derivative of -7*v + 0 + 4/3*v**3 + d*v**5 + 1/2*v**2 - 3/4*v**4. Calculate z(8).
1
Suppose -m - 3*u = -2*m + 72, -2*m + 4*u + 134 = 0. Let w(j) = 32*j**2 - j**3 - m*j**2 + 16*j**2 + 7 + 2*j + 6. Calculate w(-9).
-5
Let d(s) = s**2 + 42*s - 44. Suppose -2*n + 4*u - 44 = 22, -2*u = 10. Calculate d(n).
-1
Let p(l) = -l**2 - l + 6*l - 2*l + 4. Let o(n) = -39*n**2 + 626*n - 29. Let y be o(16). Determine p(y).
4
Let x(d) = 3*d**2 + 299*d + 27 - 95 - 148*d - 157*d - 2*d**2. Give x(11).
-13
Let o(q) be the third derivative of -q**5/30 - 13*q**4/24 - q**3/6 + 224*q**2 + 3*q. Calculate o(-9).
-46
Let j(k) = 2*k**3 - 27*k**2 - 187*k - 69. Let n(u) = u**3 - 13*u**2 - 97*u - 35. Let y(a) = -7*j(a) + 13*n(a). Determine y(22).
116
Let p(y) = -701*y**2 + 1395*y**2 - 693*y**2 + 16*y + 32. Calculate p(-3).
-7
Let v(q) = 0*q + 0*q - 6*q - 6*q. Let b(h) = -35*h + 1. Let r(g) = -4*b(g) + 11*v(g). Let u(l) = l**3 - 10*l**2 - 13*l + 25. Let y be u(11). Determine r(y).
20
Let b(c) be the third derivative of c**5/60 + 13*c**4/24 + 13*c**3/6 + 453*c**2. Give b(-12).
1
Let a(i) = -12*i**2 - 5*i - 5. Let o(l) = l + 1. Let f(h) = -a(h) - 5*o(h). Let m(z) = z**2 + 6*z + 10. Let k be m(-4). Suppose 5 = 3*u + k. Give f(u).
12
Let t(s) = s**2 - 6*s + 6. Let h be (-570)/(-24) + (-9)/(-36). Suppose 0 = h*f - f - 92. Determine t(f).
-2
Let f(k) = 5*k**2 - 3*k - 5. Let d(m) = -13*m**2 + 7*m + 11. Let v(n) = 2*d(n) + 5*f(n). Suppose -15 = -3*g - 21. Let y be (-32)/(-80) + g/5. Calculate v(y).
-3
Let n(u) = u**2 + 1. Let s(i) = -i**3 - 3*i**2 - 2*i - 6. Let a(z) = -5*n(z) + s(z). Suppose 0 = 13*k + 48 + 56. Determine a(k).
5
Let a be (-456)/38 - 1*-6. Let p(f) be the second derivative of f**5/60 + 7*f**4/24 - f**3/6 + f**2 + f. Let k(b) be the first derivative of p(b). Give k(a).
-7
Let u(v) = 3*v**3 + 2*v**2 - 1. Let p = -932 - -1345. Let g = 414 - p. Give u(g).
4
Let j = 127 + -119. Let i(d) = 5*d - 35. Give i(j).
5
Let h(z) = z**3 + 3*z**2 - 4*z + 4. Suppose 1829 + 304 = 237*g. Let b = 14 - 0. Suppose -g*m - b = 22. Determine h(m).
4
Let x(t) be the first derivative of -1 + 0*t + 1 - t**2 - 5*t + 3. Let l be (576/(-256))/(12/(-32)). Give x(l).
-17
Let m(r) be the first derivative of -r**4/4 + 2*r**3 + 2*r**2 - r - 236. Let h(j) = j**3 - 4*j**2 + 4*j + 2. Let g be h(3). What is m(g)?
44
Let x(h) = -1 + 3 + h**2 - 2 + 4 - 3*h. Let m be 2*12/(-9)*(-39)/(-26)*-1. What is x(m)?
8
Let b(z) = 3*z - 27. Suppose -148*j + 26 - 13 = 13. Calculate b(j).
-27
Let t(b) = b**3 - b**2 + 7*b - 9. Let m(u) = -2*u**3 + 3*u**2 - 14*u + 18. Let i(a) = 6*m(a) + 11*t(a). Let k be 1/(65/78)*5*1. Calculate i(k).
3
Let x(k) = -k**3 - k**2 + 12. Let m = 1 + -1. Let c(b) be the third derivative of b**4/4 - 10*b**2 - 9*b. Let f be c(m). What is x(f)?
12
Let r(x) be the second derivative of -7*x**4/12 - x**3/6 - x**2/2 - 56*x + 2. Let u be ((-3)/(-6))/(1/8). Suppose 8 = -u*a + 4. Calculate r(a).
-7
Let c(s) = 2732*s + 2725*s - 8183*s - 8*s**2 + 2725*s + 11*s**2. Let u = 6 - 9. Let z = -5 - u. Determine c(z).
14
Suppose -38*j = y - 36*j - 4, 2*y - 5*j = -10. Let f(u) be the third derivative of 16*u**2 + 1/24*u**4 + 1/3*u**3 + 0 + y*u. Give f(-9).
-7
Let r(v) = -2*v**2 - v - 2. Let s(z) = 2*z**2 + 8*z + 9. Let w be s(-3). Let k be 2/4*(3 + w). Calculate r(k).
-23
Let h be (184/920)/(-1 - 32/(-30)). Let p(v) = -6515 + h*v + 6516 + v. What is p(3)?
13
Let l = 2133 - 2113. Let f(u) = -u**2 + 17*u + 42. Give f(l).
-18
Let q(b) = -5 - 7 + 18 - 4*b - 9. Let p(s) = -s + 1. Let d(z) = -3*p(z) + q(z). What is d(-10)?
4
Let n(m) = -50*m - 40. Let s(x) = 33*x + 27. Let g(r) = 5*n(r) + 8*s(r). Let v(j) = -3*j - 3. Let d(a) = 2*g(a) + 11*v(a). Give d(1).
-6
Let r be 128/(-10) + -1 + ((-5676)/(-165))/43. Let z(w) = -w**3 - 17*w**2 - 53*w - 25. Determine z(r).
-12
Let s(l) = 7*l + 34. Let i be ((-82)/123*(2 + 16))/2. Determine s(i).
-8
Let v(k) = -16*k**3 + 5*k**2 - 21*k + 26. Let i(q) = -3*q**3 + q**2 - 4*q + 5. Let h(a) = -11*i(a) + 2*v(a). Let m = -850 - -850. Calculate h(m).
-3
Let h(w) = -42*w + 71*w - 11*w - 110. Calculate h(6).
-2
Let z(u) = u**2 - u + 2. Let w be z(0). Suppose -w*p - 3 = -7. Let o(j) = j**p + 33*j - 33*j - 4. What is o(-3)?
5
Let f(w) = 115*w - 18*w + 17 - 147 - 24 + 2*w**2. Give f(-50).
-4
Let x(q) = -q**3 - 11*q**2 + 10*q - 22. Let v be x(-12). Let z(y) = -239*y + v + 1 + 238*y. Give z(-4).
7
Suppose 4*u + 10 = -2*b + 36, 0 = u - 4. Let i be (b/4 - 1)/(3/12). Suppose 4*n + i = z + 14, 0 = -2*z - 4*n + 22. Let q(h) = -4*h + 4. What is q(z)?
-8
Suppose a - 74 + 70 = x, 0 = 3*x + 6. Suppose 5*m - 11*j + 29 = -8*j, 0 = -a*j + 6. Let i(z) = 0*z + 2*z - 3 - 3*z. Determine i(m).
1
Let b be 57 - (23 + 0/(-13)). Let n(a) be the second derivative of -1/2*a**2 + 1/2*a**3 - b*a + 0 + 1/12*a**4. Give n(2).
9
Let q(c) = c**2 - 3*c - 4. Suppose -245*w + 85*w = 0. Give q(w).
-4
Let w(p) be the second derivative of -5*p**3/2 - 23*p**2/2 + 565*p + 2. Give w(-6).
67
Let v(p) = 2*p - 67 - 66 - 63 + 192. Let d(u) = -3*u**2 - 23*u - 21. Let z be d(-7). Give v(z).
-18
Let a be (4/(-2) - -4)*76/8. Suppose 6*c - 7 + a = 0. Let y be (c/(-4))/(5/(-20)). Let w(t) = -2*t**3 - 2*t**2 + t - 1. Determine w(y).
5
Let a be 328/12 - (-120)/80*8/18. Suppose -3*q = -0*q - 771. Suppose q*u - a = 253*u. Let i(w) = w - 1. Calculate i(u).
6
Let k(p) = -50*p - 558. Let j be k(-11). Let f(v) = -v**2 + v - 1. Let t(u) = u**2 - 11*u - 8. Let b(r) = -2*f(r) - t(r). Give b(j).
2
Let m(k) = -k**2 + 13*k + 4. Let b be (((-4176)/(-168))/29)/(1/14). What is m(b)?
16
Let r(c) = -5*c**2 - 6. Let y(x) = 6*x**2 + x + 7. Let z(p) = 5*r(p) + 4*y(p). Suppose -10*d = -9*d - 3. Suppose d*b - 30 = 3*m, 2*b + 5*m + 5 = 2*m. Give z(b).
-7
Let j(u) = -u**3 - 3*u**2 - 2*u - 6. Let t be j(-3). Suppose f + 4*f = t. Let o(r) = -120 + f*r + 121 + 0*r - 2*r**2 + r. What is o(2)?
-5
Let q(n) = -4*n**2 - 8 + 2*n**3 - 3*n**3 + 6*n + 0. Suppose 231*p + 2010 = -104*p. What is q(p)?
28
Let v = 1071 - 914. Suppose 22*d = -487 + v. Let s(l) = l + 10. Wh